-6 - 6.
6
Calculate 4 + -6 + 1 + 0 - 2.
-3
Evaluate -8 - (-3 - (-2 - -5)).
-2
2 + (8 - 3 - 6)
1
Evaluate -15 + (19 - 8) + (4 - -2).
2
What is the value of (54 - 53) + (5 - -2)?
8
-7 + -9 + (15 - -1) + 5
5
What is the value of 3 + (1 - (-4 + 0)) + -2?
6
Evaluate 3 + 1 + 6 + (-5 - 1).
4
10 + (-12 - (-1 + -3))
2
Evaluate (1 - (-1 - -5)) + (1 - -1).
-1
What is the value of -4 - 5 - -11 - 7?
-5
(13 - 3) + (27 - 38)
-1
Evaluate 0 + -3 + 2 + 1.
0
Calculate (4 - 4) + -5 + 2.
-3
Evaluate -4 + (-7 - -2 - (-8 - 2)).
1
Evaluate (8 - 4) + -4 + -5.
-5
What is 7 + -2 + -10 - -8?
3
What is the value of -1 + -6 - (40 + -54)?
7
What is 4 + -14 - (-18 - 0)?
8
-2 - 10 - (6 + (1 - 14))
-5
What is the value of (18 - 12) + 1 + (2 - 13)?
-4
What is the value of 0 + (-3 - -14) + -10?
1
-6 + 17 + -11 - (-2 - 2)
4
What is the value of -5 - (-5 + 1 + (-4 - -2))?
1
Calculate -1 + -3 + -17 + 5 + 14.
-2
(-2 - (5 - 3)) + (-12 - -16)
0
What is the value of (3 + -6 - 2) + (1 - 1)?
-5
What is the value of -19 - -18 - (0 + -2 - -4)?
-3
Calculate -1 + -6 + 4 + (-3 - -1).
-5
1 - ((-4 - -13) + -4 + 0)
-4
Evaluate 7 + -3 + -5 + 0 + 0.
-1
What is the value of (-8 - (-1 - -3)) + (-24 - -28)?
-6
What is the value of 3 + -4 + (5 - 5)?
-1
5 + (-9 - (-8 - -5))
-1
Calculate 1 + (4 - (-3 - 0 - -5)).
3
What is 1 + 1 + -3 + 16 + -9?
6
-4 - (-11 + -1 + (-8 - -8))
8
Calculate (-7 - -6 - 2) + 1.
-2
3 + -6 + (-2 - -1)
-4
What is -2 - (0 - -6) - (1 - 4)?
-5
What is the value of -1 - -2 - (-161 + 161)?
1
Evaluate -11 - (-2 + (2 - 8)).
-3
What is -3 + (9 - 3 - 4) + 3?
2
What is the value of -9 - ((3 - 0) + -6)?
-6
Calculate -1 + 4 - (123 - 118).
-2
Calculate (-31 - -10 - -8) + 10.
-3
Calculate (2 - (5 - 2)) + 2 - -3.
4
Calculate 0 - 1 - (1 - (-3 - -7)).
2
What is the value of 5 + (5 - (0 + 2 + 6))?
2
What is the value of (14 - 13) + (-2 - -7)?
6
What is 10 - 1 - (-145 + 149)?
5
Calculate (2 - -3 - -4) + -3.
6
What is the value of (8 - 5) + -3 + 4 + -2?
2
What is the value of (-11 - (-12 - -2)) + -2 + 0?
-3
What is the value of 86 + -79 + (1 - 12)?
-4
Evaluate 0 + -7 - (2 - 6) - 3.
-6
-2 + 2 - (3 + -1)
-2
What is the value of 4 + ((-7 - -3) + -4 - -7)?
3
Calculate (1 - 1) + 9 + -5 + -6.
-2
Evaluate -1 + -1 + 4 + -6.
-4
What is 3 - (9 + -3 - (6 - 3))?
0
Evaluate 11 + (-12 - -4 - 1).
2
(8 - 9) + 2 + -6
-5
(-1 - (0 - 3)) + 3
5
Evaluate -1 + 12 - (-64 + 73).
2
What is the value of (2 - 4) + 1 + 2 + -5?
-4
Calculate 4 + (-1 - 3) + 1 + -2.
-1
-2 + -2 - (-1 - 10)
7
Calculate (-20 - -22) + (10 - 4).
8
What is the value of (1 - -8 - 1) + -13?
-5
3 + 0 + -1 - (-4 + 3)
3
What is the value of 0 + 1 + (21 + -10 - 8)?
4
Evaluate -6 + 14 - (7 - (3 + 1)).
5
What is -1 + 3 + -4 + (-16 - -11)?
-7
What is the value of -2 - (-3 - -6 - 0)?
-5
What is (-4 - 0) + (-43 - -50) - 3?
0
What is the value of -6 + (19 - 8) + (-1 - 6)?
-2
Evaluate -1 + -1 - (71 + -66).
-7
What is -15 + 15 + 7 + -5?
2
What is the value of (-2 - 1) + 8 - 6?
-1
5 + -3 + -2 + -1 - -4
3
Evaluate 3 - ((-15 - -13) + 4 + 1).
0
What is (1 - -11) + (-24 - -14)?
2
Calculate -1 - (6 - (-2 + 15)).
6
What is -15 - (-9 + 6) - -5?
-7
What is -1 + 4 + -12 + (0 - 0)?
-9
What is (2 - (6 + -6)) + -6?
-4
Calculate -4 - (-5 + 14 + -10).
-3
What is -1 + 5 + 8 - 10?
2
What is the value of (1 - 3) + (-16 - -20)?
2
What is the value of -6 + (-7 - -5) + (4 - -1)?
-3
Calculate 5 - 0 - ((-7 - 3) + 14).
1
What is (-11 - -19) + -9 - -8?
7
Evaluate 0 + (1 - 7) + 5.
-1
(-7 - -4) + (-4 - -2)
-5
What is the value of -1 + (4 - (8 - 4)) + 1?
0
Evaluate 0 + -9 - ((0 - -6) + -10).
-5
What is the value of -3 + 8 + (-6 - -3)?
2
1 + 2 + 64 + -61
6
What is the value of -6 + 4 + (2 - -4) + -2?
2
What is -1 + 7 + (2 - 5 - 0)?
3
(2 - -2) + 4 + -9
-1
Evaluate -21 + 25 - (8 + -1) - -7.
4
6 + (2 - 5) + (-1 - 2)
0
What is the value of -1 + (-2 - -4) - 5?
-4
What is the value of 0 - 0 - (-1 - -3 - 0)?
-2
What is the value of -1 + 3 + -4 - (9 + -12)?
1
What is the value of -2 + 0 - (-4 + (-1 - 0))?
3
Calculate (-3 + 4 - 6) + -8 + 8.
-5
(-1 - -6) + (50 - 59)
-4
What is the value of (-2 + 1 - -5) + 0 + -2?
2
What is 18 - 2 - 11 - (14 + -2)?
-7
Evaluate 1 + 1 - (6 - 0 - -1).
-5
Calculate -2 + (0 + 3 - 6) + 1.
-4
Calculate 6 + (2 - -1 - 6).
3
Calculate -1 + -2 - (15 - 23).
5
Calculate -9 + (14 - (-8 + 11)).
2
Calculate 0 + 4 + (2 - 1).
5
20 + (3 - 10) + -5
8
Evaluate -1 + (4 - 9) - -3 - -2.
-1
What is -4 + -3 - (-7 - -3) - -8?
5
Calculate 0 - -1 - (6 + -5 - 3).
3
(1 - 0) + -3 + (-1 - -6)
3
(0 - (-2 + -1 - -3)) + -6
-6
(-6 - -1) + 3 + (-2 - -2)
-2
-1 + -3 + (4 + 7 - 8)
-1
-7 + (6 + 2 - 0)
1
What is -2 + 2 + 1 - 5?
-4
Calculate 12 - (1 + 7 + 3).
1
1 - 9 - -3 - 2
-7
-10 + 21 + -4 + 0 + -2
5
What is the value of (6 - -4 - 4) + -2?
4
-1 - (3 - -3 - (-4 + 14))
3
What is the value of 1 + -8 - (-9 + 0 + 2)?
0
What is the value of 2 + -19 + 47 + -35?
-5
Evaluate 0 + 0 + 0 - (-1 + -1).
2
Calculate 8 - (-20 + 9 - -23).
-4
Calculate (-5 - -6) + (1 - 1).
1
What is the value of 7 + 12 + -1 - 10?
8
Evaluate (4 - 6) + (-3 - -13) + -16.
-8
What is the value of -17 + 33 - (-1 - -11)?
6
Calculate (0 - (11 - 8)) + 1 + -7.
-9
Calculate 11 + (-7 + 14 - 24).
-6
Evaluate -10 + (18 - -7) - 4.
11
Calculate -2 - (4 - ((4 - 3) + 6)).
1
What is the value of (-6 - -6) + -4 + 3?
-1
What is 0 + -5 + 5 + -3 + 1?
-2
Calculate -2 + 4 + -3 + 2.
1
Evaluate 3 + (-3 - -3) + -1.
2
Calculate -9 - -5 - (-1 + 3) - -11.
5
What is the value of 17 - 19 - (-2 + (-2 - 1))?
3
What is -9 + (-3 - 3) + 21?
6
0 + 2 - 8 - -3
-3
What is the value of 0 + -2 + (1 - 3 - 0)?
-4
What is 3 + 0 - ((-17 - -23) + -4)?
1
Evaluate 10 - 1 - -1 - 2.
8
What is -2 + (25 - 30) + (-1 - -1)?
-7
Evaluate (-4 - (1 + -3)) + -1 - -2.
-1
What is the value of 0 + -4 - (13 + -13)?
-4
Evaluate (1 - 0 - 0) + (-22 - -26).
5
What is the value of -4 - (4 + -1 + -2 + -1)?
-4
What is the value of (-3 - -10 - 9) + -1?
-3
Evaluate -2 + 0 + (16 - (22 - 7)).
-1
(-3 - ((3 - 4) + 1)) + 0
-3
Evaluate 2 + (-1 - (6 - 3)).
-2
Evaluate 1 - (9 - 4) - (0 + -3).
-1
What is -2 + 2 - (23 + -22)?
-1
Calculate -4 + 3 - 0 - 2.
-3
Evaluate (1 - (0 - -2)) + -1.
-2
-11 - (-19 - -7) - (-1 - -2)
0
Evaluate 0 - (-7 - (-1 + -2)).
4
What is (-1 - 5) + 5 + -10 + 6?
-5
Evaluate 3 + -4 + 6 - 5.
0
Evaluate 0 - -11 - 6 - (-1 - -3).
3
What is -10 - (-7 - (7 - 7 - 3))?
-6
What is the value of 10 + 5 + (-4 - 6)?
5
-12 + 3 + -9 - -10
-8
What is -12 + -6 + 2 + 10?
-6
Calculate -1 + 3 - -2 - (-1 - -11).
-6
0 + 0 - ((4 - 9) + 8)
-3
Calculate -1 + 0 - (8 + (3 - 16)).
4
What is the value of -10 - (-2 + -8 - -9)?
-9
What is -4 + 1 - -1 - (7 + -8)?
-1
Evaluate -2 + (-4 - -8) + -6.
-4
Evaluate -10 - (-5 - (6 + 8)).
9
-8 + (5 - (1 + 2 - 6))
0
Evaluate 4 - (4 + -3 + -4 + 4).
3
Evaluate -1 + 0 + 0 + 5.
4
Evaluate -18 + 11 + -4 - -16.
5
What is the value of (1 - (0 - -12)) + 6?
-5
What is 3 - (0 + -1 + 4 + -4)?
4
What is the value of (3 - (1 - 1)) + 1 + 0?
4
Evaluate 3 - (2 + (1 - 4) + 2).
2
(-1 - 0) + -4 - (67 + -71)
-1
Calculate -11 + -1 + 6 + 3.
-3
(-1 + -6 - -4) + 5
2
-2 + (4 - 7) - 2 - -4
-3
Evaluate 13 + -9 + 12 + -9.
7
What is 0 + (0 - (-1 + -3)) + 2?
6
What is the value of 15 - 3 - (-1 - -9)?
4
-5 - (2 - 4) - -3
0
What is the value of (-14 - -5) + (-6 - -17)?
2
Evaluate 2 + (-4 - (-6 + 1 - -4)).
-1
What is 9 + -1 + -3 - (-4 - -5)?
4
Evaluate 0 + (5 - 2) - 6 - -8.
5
What is the value of -7 - (-2 + 0) - (-1 + -9)?
5
Calculate 1 - (1 + 5 - 5).
0
Calculate -9 + 1 - (-13 + 16 + -7).
-4
Calculate (4 - -3) + (8 - 11).
4
What is the value of (0 - -2 - 2) + 1?
1
Calculate (-1 - -6) + 0 + -8.
-3
What is -5 + 11 - (-2 + 2)?
6
Evaluate -1 + -11 + 19 + -5.
2
Evaluate 2 - 0 - (-4 + 10 + -9).
5
What is the value of 0 + (-1 - 1) - 2?
-4
Evaluate -4 + (-2 - -6) + 4 + -3.
1
What is the value of (0 + 2 - (-58 - -57)) + -11?
-8
Evaluate 4 + (-5 - -2 - -2).
3
What is 3 + (-7 - 2) - (-4 + 1)?
-3
What is -1 + 0 + 13 + -22?
-10
What is the value of -7 - -2 - (-3 + 0)?
-2
Evaluate 6 + -4 + -4 + 1.
-1
Evaluate -10 + (9 - 19) + 27.
7
Evaluate 1 - (9 + -8 - 6).
6
What is (6 - 3) + -6 + 9?
6
Calculate (16 - 6) + (4 - 8).
6
8 + 20 + -21 - (1 - -13)
-7
(2 - -13) + -11 + -2
2
8 - (-4 - (-6 - -8 - 7))
7
What is the value of -2 + (-8 + 1 - -11)?
2
Calculate 1 + (-3 - (-2 + (-2 - -1))).
1
What is 1 + -10 + 14 - (7 - 0)?
-2
Calculate 0 + -5 + 5 + 0.
0
What 